{"id":906,"date":"2025-09-23T14:31:45","date_gmt":"2025-09-23T17:31:45","guid":{"rendered":"https:\/\/edicionesdelpais.com\/editorial\/?post_type=product&#038;p=906"},"modified":"2025-12-01T18:44:20","modified_gmt":"2025-12-01T21:44:20","slug":"legislacion-policial-de-la-provincia-de-buenos-aires","status":"publish","type":"product","link":"https:\/\/edicionesdelpais.com\/editorial\/producto\/legislacion-policial-de-la-provincia-de-buenos-aires\/","title":{"rendered":"LEGISLACI\u00d3N POLICIAL DE LA PROVINCIA DE BUENOS AIRES"},"content":{"rendered":"<h5>LEGISLACI\u00d3N POLICIAL DE LA PROVINCIA DE BUENOS AIRES\u00a0(Actualizada)<\/h5>\n<p>Unificaci\u00f3n de las normas de organizaci\u00f3n de las Polic\u00edas, Personal<br \/>\nd e las Polic\u00edas de la Prov., Estatuto del personal de apoyo, Caja de<br \/>\nr etiros, jubilaciones y pensiones, Polic\u00eda Adicional, Tasa por servicios<br \/>\na dministrativos, Reserva de cargo, Trabajo computado, Premio<br \/>\nal M\u00e9rito Policial, Subsidio por desempleo, Ley Provincial de Seguridad,<br \/>\nForos de Seguridad Vecinales y Municipales, Pol\u00edtica de Seguridad<br \/>\nP\u00fablica, Seguridad Privada, Ingreso, Estabilidad, Derechos, Deberes,<br \/>\nLicencias, Personal herido e incapacitado en acto de servicio, C\u00f3digo<br \/>\nProcesal Penal de la Provincia de Buenos Aires (Parte Pertinente),<br \/>\nR\u00e9gimen Contravencional en los Espect\u00e1culos Deportivos, Seguridad en Espect\u00e1culos<br \/>\nDeportivos, etc.<br \/>\nLeyes: 10.827, 11.154, 11.207, 11.699, 11.922 (P.P.), 11.929, 11.939, 12.154, 10.827, 11.154, 11.207, 11.699, 11.922 (P.P.), 11.929, 11.939, 12.154,<br \/>\n12.297, 13.201, 13.236, 13.482, 13.794, 13.942, 13.982, 13.985, 15.005.<br \/>\nDecretos: 5722\/89, 96\/99, 1863\/02, 1897\/02, 3326\/04, 1766\/05, 2382\/05, 5722\/89, 96\/99, 1863\/02, 1897\/02, 3326\/04, 1766\/05, 2382\/05,<br \/>\n1050\/09, 149\/10.<\/p>\n<p>Edici\u00f3n Febrero 2023<\/p>\n<h5>292 p\u00e1ginas.<\/h5>\n<h4><\/h4>\n<h4>USTED PODR\u00c1 CONSULTAR Y DESCARGAR LAS ACTUALIZACIONES VIGENTES.<\/h4>\n<h4>TODOS NUESTROS LIBROS CUENTAN CON ESTE BENEFICIO.<\/h4>\n<h4><a href=\"http:\/\/edicionesdelpais.com\/editorial\/mi-cuenta\/actualizaciones-editorial\/\">http:\/\/edicionesdelpais.com\/editorial\/mi-cuenta\/actualizaciones-editorial\/<\/a><\/h4>\n<h4>Contamos con env\u00edos a todos el Pa\u00eds.<\/h4>\n","protected":false},"excerpt":{"rendered":"<p>LEGISLACI\u00d3N POLICIAL DE LA PROVINCIA DE BUENOS AIRES\u00a0(Actualizada) Unificaci\u00f3n de las normas de organizaci\u00f3n de las Polic\u00edas, Personal d e las Polic\u00edas de la Prov., Estatuto del personal de apoyo, Caja de r etiros, jubilaciones y pensiones, Polic\u00eda Adicional, Tasa por servicios a dministrativos, Reserva de cargo, Trabajo computado, Premio al M\u00e9rito Policial, Subsidio por [&hellip;]<\/p>\n","protected":false},"featured_media":1017,"template":"","meta":[],"product_brand":[],"product_cat":[39,120,60],"product_tag":[],"class_list":{"0":"post-906","1":"product","2":"type-product","3":"status-publish","4":"has-post-thumbnail","6":"product_cat-legislacion","7":"product_cat-policia","8":"product_cat-promociones-juridicas","9":"product_shipping_class-mercado-envio","11":"first","12":"instock","13":"shipping-taxable","14":"purchasable","15":"product-type-simple"},"aioseo_notices":[],"_links":{"self":[{"href":"https:\/\/edicionesdelpais.com\/editorial\/wp-json\/wp\/v2\/product\/906","targetHints":{"allow":["GET"]}}],"collection":[{"href":"https:\/\/edicionesdelpais.com\/editorial\/wp-json\/wp\/v2\/product"}],"about":[{"href":"https:\/\/edicionesdelpais.com\/editorial\/wp-json\/wp\/v2\/types\/product"}],"wp:featuredmedia":[{"embeddable":true,"href":"https:\/\/edicionesdelpais.com\/editorial\/wp-json\/wp\/v2\/media\/1017"}],"wp:attachment":[{"href":"https:\/\/edicionesdelpais.com\/editorial\/wp-json\/wp\/v2\/media?parent=906"}],"wp:term":[{"taxonomy":"product_brand","embeddable":true,"href":"https:\/\/edicionesdelpais.com\/editorial\/wp-json\/wp\/v2\/product_brand?post=906"},{"taxonomy":"product_cat","embeddable":true,"href":"https:\/\/edicionesdelpais.com\/editorial\/wp-json\/wp\/v2\/product_cat?post=906"},{"taxonomy":"product_tag","embeddable":true,"href":"https:\/\/edicionesdelpais.com\/editorial\/wp-json\/wp\/v2\/product_tag?post=906"}],"curies":[{"name":"wp","href":"https:\/\/api.w.org\/{rel}","templated":true}]}}