{"id":807,"date":"2025-09-23T14:31:12","date_gmt":"2025-09-23T17:31:12","guid":{"rendered":"https:\/\/edicionesdelpais.com\/editorial\/?post_type=product&#038;p=807"},"modified":"2025-12-26T13:52:52","modified_gmt":"2025-12-26T16:52:52","slug":"codigo-procesal-penal-nacion-leyes-complementarias","status":"publish","type":"product","link":"https:\/\/edicionesdelpais.com\/editorial\/producto\/codigo-procesal-penal-nacion-leyes-complementarias\/","title":{"rendered":"C\u00d3DIGO PROCESAL PENAL, (Naci\u00f3n) Leyes Complementarias"},"content":{"rendered":"<h5 style=\"padding-left: 40px\">C\u00d3DIGO PROCESAL PENAL, (Naci\u00f3n)\u00a0 Leyes Complementarias.<\/h5>\n<h5><\/h5>\n<h4><a href=\"http:\/\/edicionesdelpais.com\/editorial\/wp-content\/uploads\/2019\/03\/PROCESAL_PENAL_NACION_INDICE.pdf\">PROCESAL_PENAL_NACION_INDICE<\/a><\/h4>\n<h5>Edici\u00f3n 35ta Junio\u00a0 2025<\/h5>\n<h5>MEDIDAS:\u00a0 24 X 17 CM\u00a0 \u00a0252 P\u00c1GINAS<\/h5>\n<h4><\/h4>\n<h4>CONTAMOS CON ENV\u00cdOS A TODOS EL PA\u00cdS.<\/h4>\n","protected":false},"excerpt":{"rendered":"<p>C\u00d3DIGO PROCESAL PENAL, (Naci\u00f3n)\u00a0 Leyes Complementarias. PROCESAL_PENAL_NACION_INDICE Edici\u00f3n 35ta Junio\u00a0 2025 MEDIDAS:\u00a0 24 X 17 CM\u00a0 \u00a0252 P\u00c1GINAS CONTAMOS CON ENV\u00cdOS A TODOS EL PA\u00cdS.<\/p>\n","protected":false},"featured_media":939,"template":"","meta":[],"product_brand":[],"product_cat":[72,75,45],"product_tag":[],"class_list":{"0":"post-807","1":"product","2":"type-product","3":"status-publish","4":"has-post-thumbnail","6":"product_cat-codigos","7":"product_cat-nacionales","8":"product_cat-novedades","9":"product_shipping_class-mercado-envio","11":"first","12":"instock","13":"shipping-taxable","14":"purchasable","15":"product-type-simple"},"aioseo_notices":[],"_links":{"self":[{"href":"https:\/\/edicionesdelpais.com\/editorial\/wp-json\/wp\/v2\/product\/807","targetHints":{"allow":["GET"]}}],"collection":[{"href":"https:\/\/edicionesdelpais.com\/editorial\/wp-json\/wp\/v2\/product"}],"about":[{"href":"https:\/\/edicionesdelpais.com\/editorial\/wp-json\/wp\/v2\/types\/product"}],"wp:featuredmedia":[{"embeddable":true,"href":"https:\/\/edicionesdelpais.com\/editorial\/wp-json\/wp\/v2\/media\/939"}],"wp:attachment":[{"href":"https:\/\/edicionesdelpais.com\/editorial\/wp-json\/wp\/v2\/media?parent=807"}],"wp:term":[{"taxonomy":"product_brand","embeddable":true,"href":"https:\/\/edicionesdelpais.com\/editorial\/wp-json\/wp\/v2\/product_brand?post=807"},{"taxonomy":"product_cat","embeddable":true,"href":"https:\/\/edicionesdelpais.com\/editorial\/wp-json\/wp\/v2\/product_cat?post=807"},{"taxonomy":"product_tag","embeddable":true,"href":"https:\/\/edicionesdelpais.com\/editorial\/wp-json\/wp\/v2\/product_tag?post=807"}],"curies":[{"name":"wp","href":"https:\/\/api.w.org\/{rel}","templated":true}]}}