{"id":1347,"date":"2025-09-23T14:33:18","date_gmt":"2025-09-23T17:33:18","guid":{"rendered":"https:\/\/edicionesdelpais.com\/editorial\/?post_type=product&#038;p=1347"},"modified":"2026-03-04T12:56:15","modified_gmt":"2026-03-04T15:56:15","slug":"codigo-civil-y-comercial-de-la-nacion-argentina-con-leyes-complementarias","status":"publish","type":"product","link":"https:\/\/edicionesdelpais.com\/editorial\/producto\/codigo-civil-y-comercial-de-la-nacion-argentina-con-leyes-complementarias\/","title":{"rendered":"C\u00d3DIGO CIVIL Y COMERCIAL DE LA NACI\u00d3N ARGENTINA Con Leyes Complementarias"},"content":{"rendered":"<p style=\"text-align: left\"><strong>C\u00d3DIGO CIVIL Y COMERCIAL DE LA NACI\u00d3N ARGENTINA\u00a0<\/strong><\/p>\n<p><strong>con Legislaci\u00f3n Complementaria<\/strong><\/p>\n<p>&nbsp;<\/p>\n<p>Edici\u00f3n junio 2026<\/p>\n<p><strong>990 p\u00e1ginas.<\/strong><\/p>\n<p><strong>Medidas: 24 x 17cm<\/strong><\/p>\n<h4>Contamos con env\u00edos a todos el Pa\u00eds.<\/h4>\n<p>&nbsp;<\/p>\n","protected":false},"excerpt":{"rendered":"<p>C\u00d3DIGO CIVIL Y COMERCIAL DE LA NACI\u00d3N ARGENTINA\u00a0 con Legislaci\u00f3n Complementaria &nbsp; Edici\u00f3n junio 2026 990 p\u00e1ginas. Medidas: 24 x 17cm Contamos con env\u00edos a todos el Pa\u00eds. &nbsp;<\/p>\n","protected":false},"featured_media":1775,"template":"","meta":[],"product_brand":[],"product_cat":[72,75],"product_tag":[],"class_list":{"0":"post-1347","1":"product","2":"type-product","3":"status-publish","4":"has-post-thumbnail","6":"product_cat-codigos","7":"product_cat-nacionales","8":"product_shipping_class-mercado-envio","10":"first","11":"instock","12":"shipping-taxable","13":"purchasable","14":"product-type-simple"},"aioseo_notices":[],"_links":{"self":[{"href":"https:\/\/edicionesdelpais.com\/editorial\/wp-json\/wp\/v2\/product\/1347","targetHints":{"allow":["GET"]}}],"collection":[{"href":"https:\/\/edicionesdelpais.com\/editorial\/wp-json\/wp\/v2\/product"}],"about":[{"href":"https:\/\/edicionesdelpais.com\/editorial\/wp-json\/wp\/v2\/types\/product"}],"wp:featuredmedia":[{"embeddable":true,"href":"https:\/\/edicionesdelpais.com\/editorial\/wp-json\/wp\/v2\/media\/1775"}],"wp:attachment":[{"href":"https:\/\/edicionesdelpais.com\/editorial\/wp-json\/wp\/v2\/media?parent=1347"}],"wp:term":[{"taxonomy":"product_brand","embeddable":true,"href":"https:\/\/edicionesdelpais.com\/editorial\/wp-json\/wp\/v2\/product_brand?post=1347"},{"taxonomy":"product_cat","embeddable":true,"href":"https:\/\/edicionesdelpais.com\/editorial\/wp-json\/wp\/v2\/product_cat?post=1347"},{"taxonomy":"product_tag","embeddable":true,"href":"https:\/\/edicionesdelpais.com\/editorial\/wp-json\/wp\/v2\/product_tag?post=1347"}],"curies":[{"name":"wp","href":"https:\/\/api.w.org\/{rel}","templated":true}]}}