{"id":1326,"date":"2025-09-23T14:33:17","date_gmt":"2025-09-23T17:33:17","guid":{"rendered":"https:\/\/edicionesdelpais.com\/editorial\/?post_type=product&#038;p=1326"},"modified":"2025-11-28T16:35:24","modified_gmt":"2025-11-28T19:35:24","slug":"diccionario-juridico-con-terminos-digitales-victor-de-santo","status":"publish","type":"product","link":"https:\/\/edicionesdelpais.com\/editorial\/producto\/diccionario-juridico-con-terminos-digitales-victor-de-santo\/","title":{"rendered":"Diccionario Jur\u00eddico con T\u00e9rminos Digitales &#8211; Victor De Santo"},"content":{"rendered":"<div>\n<p>&nbsp;<\/p>\n<p>&nbsp;<\/p>\n<p>Presentamos la Segunda Edici\u00f3n del Diccionario Jur\u00eddico Fundamental: Una Obra Renovada para el Mundo Jur\u00eddico Moderno.<\/p>\n<p>Nos complace anunciar el lanzamiento de la segunda edici\u00f3n del Diccionario Jur\u00eddico Fundamental, una obra esencial para profesionales y estudiantes del derecho. Esta nueva edici\u00f3n no solo preserva el rigor y la excelencia que han caracterizado a la versi\u00f3n anterior, sino que tambi\u00e9n introduce importantes mejoras y actualizaciones que la hacen a\u00fan m\u00e1s relevante y \u00fatil en el contexto actual.<\/p>\n<p>Principales Diferencias con la Edici\u00f3n Anterior:<\/p>\n<ol>\n<li>20 Nuevos T\u00e9rminos: En respuesta a los constantes cambios y avances en el \u00e1mbito jur\u00eddico, hemos incorporado 20 nuevos t\u00e9rminos que reflejan las \u00faltimas tendencias y desarrollos en la materia. Estos nuevos conceptos enriquecen el contenido del diccionario y aseguran que los usuarios cuenten con una herramienta completa y actualizada.<\/li>\n<li>Rediagramaci\u00f3n y Optimizaci\u00f3n de Contenido: La segunda edici\u00f3n ha sido cuidadosamente rediagramada, lo que nos ha permitido optimizar la distribuci\u00f3n del contenido y reducir el n\u00famero de p\u00e1ginas de 400 a 292 sin sacrificar la calidad ni la profundidad de la informaci\u00f3n. Esta reestructuraci\u00f3n hace que la obra sea m\u00e1s manejable y accesible para los lectores.<\/li>\n<li>Actualizaci\u00f3n de T\u00e9rminos Existentes: Adem\u00e1s de la incorporaci\u00f3n de nuevos t\u00e9rminos, hemos revisado y actualizado las definiciones de t\u00e9rminos existentes para reflejar los cambios recientes en la legislaci\u00f3n y la jurisprudencia. Esto garantiza que cada entrada del diccionario se mantenga vigente y precisa.<\/li>\n<li>Mejoras en el Dise\u00f1o y la Usabilidad: La nueva edici\u00f3n presenta un dise\u00f1o moderno y funcional que facilita la b\u00fasqueda y consulta de t\u00e9rminos. La tipograf\u00eda y la disposici\u00f3n del texto han sido mejoradas para ofrecer una lectura m\u00e1s c\u00f3moda y eficiente.<\/li>\n<\/ol>\n<p>Estamos convencidos de que estas mejoras hacen de la segunda edici\u00f3n del Diccionario Jur\u00eddico Fundamental una herramienta indispensable para el estudio y la pr\u00e1ctica del derecho. Les invitamos a descubrir todas las novedades y beneficios que esta obra renovada tiene para ofrecer.<\/p>\n<p>Autor: V\u00edctor De Santo<\/p>\n<\/div>\n<p>&nbsp;<\/p>\n<p><span class=\"wd-attr-name\"><span class=\"wd-attr-name-label\">Editorial del libro<\/span><\/span><\/p>\n<p>Ediciones DyD<\/p>\n<p>&nbsp;<\/p>\n<p>23 x 16 cm<\/p>\n<p><span class=\"wd-attr-name\"><span class=\"wd-attr-name-label\">Tipo de narraci\u00f3n<\/span><\/span><\/p>\n<p>Manual<\/p>\n<p><span class=\"wd-attr-name\"><span class=\"wd-attr-name-label\">Cantidad de p\u00e1ginas<\/span><\/span><\/p>\n<p>292<\/p>\n<p><span class=\"wd-attr-name\"><span class=\"wd-attr-name-label\">A\u00f1o de publicaci\u00f3n<\/span><\/span><\/p>\n<p>2025<\/p>\n<p>&nbsp;<\/p>\n<div>\n<p>Podes retirarlo en nuestra sucursal de Tribunales, Caba<br \/>\no en Zona sur ( Longchamps )<br \/>\nrealizamos env\u00edo a todo el Pa\u00eds<\/p>\n<\/div>\n<p>Horario de atenci\u00f3n Lun a Vie de 10:30 a 17 hs<\/p>\n<h4><\/h4>\n<h4>Contamos con env\u00edos a todos el Pa\u00eds.<\/h4>\n","protected":false},"excerpt":{"rendered":"<p>&nbsp; &nbsp; Presentamos la Segunda Edici\u00f3n del Diccionario Jur\u00eddico Fundamental: Una Obra Renovada para el Mundo Jur\u00eddico Moderno. Nos complace anunciar el lanzamiento de la segunda edici\u00f3n del Diccionario Jur\u00eddico Fundamental, una obra esencial para profesionales y estudiantes del derecho. Esta nueva edici\u00f3n no solo preserva el rigor y la excelencia que han caracterizado a [&hellip;]<\/p>\n","protected":false},"featured_media":1410,"template":"","meta":[],"product_brand":[],"product_cat":[45,57],"product_tag":[],"class_list":{"0":"post-1326","1":"product","2":"type-product","3":"status-publish","4":"has-post-thumbnail","6":"product_cat-novedades","7":"product_cat-otros-libros","8":"product_shipping_class-mercado-envio","10":"first","11":"instock","12":"shipping-taxable","13":"purchasable","14":"product-type-simple"},"aioseo_notices":[],"_links":{"self":[{"href":"https:\/\/edicionesdelpais.com\/editorial\/wp-json\/wp\/v2\/product\/1326","targetHints":{"allow":["GET"]}}],"collection":[{"href":"https:\/\/edicionesdelpais.com\/editorial\/wp-json\/wp\/v2\/product"}],"about":[{"href":"https:\/\/edicionesdelpais.com\/editorial\/wp-json\/wp\/v2\/types\/product"}],"wp:featuredmedia":[{"embeddable":true,"href":"https:\/\/edicionesdelpais.com\/editorial\/wp-json\/wp\/v2\/media\/1410"}],"wp:attachment":[{"href":"https:\/\/edicionesdelpais.com\/editorial\/wp-json\/wp\/v2\/media?parent=1326"}],"wp:term":[{"taxonomy":"product_brand","embeddable":true,"href":"https:\/\/edicionesdelpais.com\/editorial\/wp-json\/wp\/v2\/product_brand?post=1326"},{"taxonomy":"product_cat","embeddable":true,"href":"https:\/\/edicionesdelpais.com\/editorial\/wp-json\/wp\/v2\/product_cat?post=1326"},{"taxonomy":"product_tag","embeddable":true,"href":"https:\/\/edicionesdelpais.com\/editorial\/wp-json\/wp\/v2\/product_tag?post=1326"}],"curies":[{"name":"wp","href":"https:\/\/api.w.org\/{rel}","templated":true}]}}