{"id":1185,"date":"2025-09-23T14:32:51","date_gmt":"2025-09-23T17:32:51","guid":{"rendered":"https:\/\/edicionesdelpais.com\/editorial\/?post_type=product&#038;p=1185"},"modified":"2025-12-26T13:52:50","modified_gmt":"2025-12-26T16:52:50","slug":"medidas-autosatisfactivas-cherubin-gabriela-lois-sergio","status":"publish","type":"product","link":"https:\/\/edicionesdelpais.com\/editorial\/producto\/medidas-autosatisfactivas-cherubin-gabriela-lois-sergio\/","title":{"rendered":"Medidas Autosatisfactivas CHERUBIN, Gabriela &#8211; LOIS, Sergio"},"content":{"rendered":"<div>\n<div>\n<p>Medidas Autosatisfactivas<br \/>\nTeor\u00eda y Pr\u00e1ctica \u2013 An\u00e1lisis Doctrinario \u2013 Jurisprudencia<br \/>\nActualizada\u2013 Modelos, 1 tomo, 272 p\u00e1ginas, edici\u00f3n 2021<\/p>\n<\/div>\n<div>\n<p>CHERUBIN, Gabriela &#8211; LOIS, Sergio<\/p>\n<\/div>\n<\/div>\n<p>Podes retirarlo en nuestra sucursal de Tribunales, Caba<br \/>\no en Zona sur ( Longchamps )<br \/>\nrealizamos env\u00edo a todo el Pa\u00eds<\/p>\n<p>Horario de atenci\u00f3n Lun a Vie de 10:30 a 17 hs<\/p>\n<h4><\/h4>\n<h4>Contamos con env\u00edos a todos el Pa\u00eds.<\/h4>\n","protected":false},"excerpt":{"rendered":"<p>Medidas Autosatisfactivas Teor\u00eda y Pr\u00e1ctica \u2013 An\u00e1lisis Doctrinario \u2013 Jurisprudencia Actualizada\u2013 Modelos, 1 tomo, 272 p\u00e1ginas, edici\u00f3n 2021 CHERUBIN, Gabriela &#8211; LOIS, Sergio Podes retirarlo en nuestra sucursal de Tribunales, Caba o en Zona sur ( Longchamps ) realizamos env\u00edo a todo el Pa\u00eds Horario de atenci\u00f3n Lun a Vie de 10:30 a 17 hs [&hellip;]<\/p>\n","protected":false},"featured_media":1272,"template":"","meta":[],"product_brand":[],"product_cat":[45,57,60],"product_tag":[],"class_list":{"0":"post-1185","1":"product","2":"type-product","3":"status-publish","4":"has-post-thumbnail","6":"product_cat-novedades","7":"product_cat-otros-libros","8":"product_cat-promociones-juridicas","9":"product_shipping_class-mercado-envio","11":"first","12":"instock","13":"shipping-taxable","14":"purchasable","15":"product-type-simple"},"aioseo_notices":[],"_links":{"self":[{"href":"https:\/\/edicionesdelpais.com\/editorial\/wp-json\/wp\/v2\/product\/1185","targetHints":{"allow":["GET"]}}],"collection":[{"href":"https:\/\/edicionesdelpais.com\/editorial\/wp-json\/wp\/v2\/product"}],"about":[{"href":"https:\/\/edicionesdelpais.com\/editorial\/wp-json\/wp\/v2\/types\/product"}],"wp:featuredmedia":[{"embeddable":true,"href":"https:\/\/edicionesdelpais.com\/editorial\/wp-json\/wp\/v2\/media\/1272"}],"wp:attachment":[{"href":"https:\/\/edicionesdelpais.com\/editorial\/wp-json\/wp\/v2\/media?parent=1185"}],"wp:term":[{"taxonomy":"product_brand","embeddable":true,"href":"https:\/\/edicionesdelpais.com\/editorial\/wp-json\/wp\/v2\/product_brand?post=1185"},{"taxonomy":"product_cat","embeddable":true,"href":"https:\/\/edicionesdelpais.com\/editorial\/wp-json\/wp\/v2\/product_cat?post=1185"},{"taxonomy":"product_tag","embeddable":true,"href":"https:\/\/edicionesdelpais.com\/editorial\/wp-json\/wp\/v2\/product_tag?post=1185"}],"curies":[{"name":"wp","href":"https:\/\/api.w.org\/{rel}","templated":true}]}}