{"id":1044,"date":"2025-09-23T14:32:27","date_gmt":"2025-09-23T17:32:27","guid":{"rendered":"https:\/\/edicionesdelpais.com\/editorial\/?post_type=product&#038;p=1044"},"modified":"2025-11-12T13:28:21","modified_gmt":"2025-11-12T16:28:21","slug":"la-razon-de-mi-vida-eva-peron","status":"publish","type":"product","link":"https:\/\/edicionesdelpais.com\/editorial\/producto\/la-razon-de-mi-vida-eva-peron\/","title":{"rendered":"LA RAZ\u00d3N DE MI VIDA, EVA PER\u00d3N"},"content":{"rendered":"<h5>LA RAZ\u00d3N DE MI VIDA, <a href=\"http:\/\/edicionesdelpais.com\/editorial\/product\/mi-mensaje-eva-peron\/\">EVA PER\u00d3N<\/a><\/h5>\n<h5><\/h5>\n<h5>MEDIDAS: 24 X 14 CM<\/h5>\n<h5>132 P\u00c1GINAS\u00a0 Edici\u00f3n\u00a0 2019<\/h5>\n<h4>Editorial: Ediciones del Pa\u00eds<\/h4>\n<p>El libro se divide en tres partes con un total de dieciocho cap\u00edtulos\/temas en la primera, veintisiete en la segunda y doce en la tercera<\/p>\n<h4>Primera parte-Las causas de mi misi\u00f3n<br \/>\nCap\u00edtulo 1: Un caso de azar<br \/>\nCap\u00edtulo 2: Un gran sentimiento<br \/>\nCap\u00edtulo 3: La causa del &#8220;sacrificio incomprensible&#8221;<br \/>\nCap\u00edtulo 4: Alg\u00fan d\u00eda todo cambiar\u00e1<br \/>\nCap\u00edtulo 5: Me resign\u00e9 a ser v\u00edctima<br \/>\nCap\u00edtulo 6: Mi d\u00eda maravilloso<br \/>\nCap\u00edtulo 7: \u00a1Si, \u00e9ste es el hombre de mi pueblo!<br \/>\nCap\u00edtulo 8: La hora de la soledad<br \/>\nCap\u00edtulo 9: Una gran luz<br \/>\nCap\u00edtulo 10: Vocaci\u00f3n y destino<br \/>\nCap\u00edtulo 11: Sobre mi elecci\u00f3n<br \/>\nCap\u00edtulo 12: Demasiado peronista<br \/>\nCap\u00edtulo 13: El aprendizaje<br \/>\nCap\u00edtulo 14: \u00bfIntuici\u00f3n?<br \/>\nCap\u00edtulo 15: El camino que eleg\u00ed<br \/>\nCap\u00edtulo 16: Eva Per\u00f3n y Evita<br \/>\nCap\u00edtulo 17: Evita<br \/>\nCap\u00edtulo 18: Peque\u00f1os detalles<br \/>\nSegunda parte-Los obreros y mi misi\u00f3n<br \/>\nCap\u00edtulo 19: La Secretar\u00eda<br \/>\nCap\u00edtulo 20: Una presencia superior<br \/>\nCap\u00edtulo 21: Los obreros y yo<br \/>\nCap\u00edtulo 22: Una sola clase de hombres<br \/>\nCap\u00edtulo 23: Descender<br \/>\nCap\u00edtulo 24: La tarde de los mi\u00e9rcoles<br \/>\nCap\u00edtulo 25: Los grandes d\u00edas<br \/>\nCap\u00edtulo 26: Donde quiera que este libro se lea<br \/>\nCap\u00edtulo 27: Adem\u00e1s de la justicia<br \/>\nCap\u00edtulo 28: El dolor de los humildes<br \/>\nCap\u00edtulo 29: Los comienzos<br \/>\nCap\u00edtulo 30: Las cartas<br \/>\nCap\u00edtulo 31: Tardes de ayuda social<br \/>\nCap\u00edtulo 32: Caridad o beneficencia<br \/>\nCap\u00edtulo 33: Una deuda de cari\u00f1o<br \/>\nCap\u00edtulo 34: Finales de jornada<br \/>\nCap\u00edtulo 35: Amigos en desgracia<br \/>\nCap\u00edtulo 36: Mi mayor gloria<br \/>\nCap\u00edtulo 37: Nuestras obras<br \/>\nCap\u00edtulo 38: Nochebuena y Navidad<br \/>\nCap\u00edtulo 39: Mis obras y la pol\u00edtica<br \/>\nCap\u00edtulo 40: La lecci\u00f3n europea<br \/>\nCap\u00edtulo 41: La medida de mis obras<br \/>\nCap\u00edtulo 42: Una semana de amargura<br \/>\nCap\u00edtulo 43: Una gota de amor<br \/>\nCap\u00edtulo 44: C\u00f3mo me pagan mi pueblo y Per\u00f3n<br \/>\nCap\u00edtulo 45: Mi gratitud<br \/>\nCap\u00edtulo 46: Un idealista<br \/>\nTercera parte<br \/>\nCap\u00edtulo 47: Las mujeres y mi misi\u00f3n<br \/>\nCap\u00edtulo 48: El paso de lo sublime a lo rid\u00edculo<br \/>\nCap\u00edtulo 49: Quisiera mostrarles un camino<br \/>\nCap\u00edtulo 50: El hogar o la f\u00e1brica<br \/>\nCap\u00edtulo 51: Una idea<br \/>\nCap\u00edtulo 52: La gran ausencia<br \/>\nCap\u00edtulo 53: El Partido Peronista Femenino<br \/>\nCap\u00edtulo 54: No importa que ladren<br \/>\nCap\u00edtulo 55: Las mujeres y la acci\u00f3n<br \/>\nCap\u00edtulo 56: La vida social<br \/>\nCap\u00edtulo 57: La mujer que no fue elogiada<br \/>\nCap\u00edtulo 58: Como cualquier otra mujer<br \/>\nCap\u00edtulo 59: No me arrepiento<\/h4>\n<p>&nbsp;<\/p>\n<p>&nbsp;<\/p>\n<h4>Contamos con env\u00edos a todos el Pa\u00eds.<\/h4>\n","protected":false},"excerpt":{"rendered":"<p>LA RAZ\u00d3N DE MI VIDA, EVA PER\u00d3N MEDIDAS: 24 X 14 CM 132 P\u00c1GINAS\u00a0 Edici\u00f3n\u00a0 2019 Editorial: Ediciones del Pa\u00eds El libro se divide en tres partes con un total de dieciocho cap\u00edtulos\/temas en la primera, veintisiete en la segunda y doce en la tercera Primera parte-Las causas de mi misi\u00f3n Cap\u00edtulo 1: Un caso [&hellip;]<\/p>\n","protected":false},"featured_media":1134,"template":"","meta":[],"product_brand":[],"product_cat":[57],"product_tag":[],"class_list":{"0":"post-1044","1":"product","2":"type-product","3":"status-publish","4":"has-post-thumbnail","6":"product_cat-otros-libros","7":"product_shipping_class-mercado-envio","9":"first","10":"instock","11":"shipping-taxable","12":"purchasable","13":"product-type-simple"},"aioseo_notices":[],"_links":{"self":[{"href":"https:\/\/edicionesdelpais.com\/editorial\/wp-json\/wp\/v2\/product\/1044","targetHints":{"allow":["GET"]}}],"collection":[{"href":"https:\/\/edicionesdelpais.com\/editorial\/wp-json\/wp\/v2\/product"}],"about":[{"href":"https:\/\/edicionesdelpais.com\/editorial\/wp-json\/wp\/v2\/types\/product"}],"wp:featuredmedia":[{"embeddable":true,"href":"https:\/\/edicionesdelpais.com\/editorial\/wp-json\/wp\/v2\/media\/1134"}],"wp:attachment":[{"href":"https:\/\/edicionesdelpais.com\/editorial\/wp-json\/wp\/v2\/media?parent=1044"}],"wp:term":[{"taxonomy":"product_brand","embeddable":true,"href":"https:\/\/edicionesdelpais.com\/editorial\/wp-json\/wp\/v2\/product_brand?post=1044"},{"taxonomy":"product_cat","embeddable":true,"href":"https:\/\/edicionesdelpais.com\/editorial\/wp-json\/wp\/v2\/product_cat?post=1044"},{"taxonomy":"product_tag","embeddable":true,"href":"https:\/\/edicionesdelpais.com\/editorial\/wp-json\/wp\/v2\/product_tag?post=1044"}],"curies":[{"name":"wp","href":"https:\/\/api.w.org\/{rel}","templated":true}]}}