{"id":9,"date":"2024-09-24T12:23:23","date_gmt":"2024-09-24T12:23:23","guid":{"rendered":"https:\/\/edicionesdelpais.com\/editorial\/mi-cuenta\/"},"modified":"2025-09-24T11:33:45","modified_gmt":"2025-09-24T14:33:45","slug":"mi-cuenta","status":"publish","type":"page","link":"https:\/\/edicionesdelpais.com\/editorial\/mi-cuenta\/","title":{"rendered":"Mi cuenta"},"content":{"rendered":"\t\t<div data-elementor-type=\"wp-page\" data-elementor-id=\"9\" class=\"elementor elementor-9\" data-elementor-post-type=\"page\">\n\t\t\t\t<div class=\"elementor-element elementor-element-4244d49 e-flex e-con-boxed e-con e-parent\" data-id=\"4244d49\" data-element_type=\"container\" data-e-type=\"container\" data-settings=\"{&quot;background_background&quot;:&quot;slideshow&quot;,&quot;background_slideshow_gallery&quot;:[{&quot;id&quot;:1281,&quot;url&quot;:&quot;https:\\\/\\\/edicionesdelpais.com\\\/editorial\\\/wp-content\\\/uploads\\\/2025\\\/09\\\/WhatsApp-Image-2022-09-14-at-16.36.06.jpeg&quot;},{&quot;id&quot;:702,&quot;url&quot;:&quot;https:\\\/\\\/edicionesdelpais.com\\\/editorial\\\/wp-content\\\/uploads\\\/2025\\\/09\\\/olga-tutunaru-JMATuFkXeHU-unsplash.jpg&quot;},{&quot;id&quot;:696,&quot;url&quot;:&quot;https:\\\/\\\/edicionesdelpais.com\\\/editorial\\\/wp-content\\\/uploads\\\/2025\\\/09\\\/anastasia-zhenina-XOW1WqrWNKg-unsplash.jpg&quot;},{&quot;id&quot;:1173,&quot;url&quot;:&quot;https:\\\/\\\/edicionesdelpais.com\\\/editorial\\\/wp-content\\\/uploads\\\/2025\\\/09\\\/f7de8572-2746-462d-b433-4b1996ee5059.jpg&quot;},{&quot;id&quot;:690,&quot;url&quot;:&quot;https:\\\/\\\/edicionesdelpais.com\\\/editorial\\\/wp-content\\\/uploads\\\/2025\\\/09\\\/haley-parson-XeNMy8Xc0A-unsplash.jpg&quot;},{&quot;id&quot;:687,&quot;url&quot;:&quot;https:\\\/\\\/edicionesdelpais.com\\\/editorial\\\/wp-content\\\/uploads\\\/2025\\\/09\\\/jonas-jacobsson-0FRJ2SCuY4k-unsplash.jpg&quot;}],&quot;background_slideshow_slide_duration&quot;:3000,&quot;shape_divider_bottom&quot;:&quot;opacity-tilt&quot;,&quot;background_slideshow_loop&quot;:&quot;yes&quot;,&quot;background_slideshow_slide_transition&quot;:&quot;fade&quot;,&quot;background_slideshow_transition_duration&quot;:500}\">\n\t\t\t\t\t<div class=\"e-con-inner\">\n\t\t\t\t<div class=\"elementor-shape elementor-shape-bottom\" aria-hidden=\"true\" data-negative=\"false\">\n\t\t\t<svg xmlns=\"http:\/\/www.w3.org\/2000\/svg\" viewBox=\"0 0 2600 131.1\" preserveAspectRatio=\"none\">\n\t<path class=\"elementor-shape-fill\" d=\"M0 0L2600 0 2600 69.1 0 0z\"\/>\n\t<path class=\"elementor-shape-fill\" style=\"opacity:0.5\" d=\"M0 0L2600 0 2600 69.1 0 69.1z\"\/>\n\t<path class=\"elementor-shape-fill\" style=\"opacity:0.25\" d=\"M2600 0L0 0 0 130.1 2600 69.1z\"\/>\n<\/svg>\t\t<\/div>\n\t\t\t\t<div class=\"elementor-element elementor-element-ae5bb2b elementor-widget elementor-widget-heading\" data-id=\"ae5bb2b\" data-element_type=\"widget\" data-e-type=\"widget\" data-widget_type=\"heading.default\">\n\t\t\t\t<div class=\"elementor-widget-container\">\n\t\t\t\t\t<h2 class=\"elementor-heading-title elementor-size-default\">Mi cuenta<\/h2>\t\t\t\t<\/div>\n\t\t\t\t<\/div>\n\t\t\t\t\t<\/div>\n\t\t\t\t<\/div>\n\t\t<div class=\"elementor-element elementor-element-300490e e-flex e-con-boxed e-con e-parent\" data-id=\"300490e\" data-element_type=\"container\" data-e-type=\"container\">\n\t\t\t\t\t<div class=\"e-con-inner\">\n\t\t\t\t<div class=\"elementor-element elementor-element-b0f704b e-my-account-tabs-vertical elementor-widget elementor-widget-woocommerce-my-account\" data-id=\"b0f704b\" data-element_type=\"widget\" data-e-type=\"widget\" data-widget_type=\"woocommerce-my-account.default\">\n\t\t\t\t<div class=\"elementor-widget-container\">\n\t\t\t\t\t<div class=\"e-my-account-tab e-my-account-tab__ \">\t\t\t<div class=\"woocommerce\"><\/div>\t\t<\/div>\n\t\t\t\t\t\t<\/div>\n\t\t\t\t<\/div>\n\t\t\t\t\t<\/div>\n\t\t\t\t<\/div>\n\t\t\t\t<\/div>\n\t\t","protected":false},"excerpt":{"rendered":"<p>Mi cuenta Panel Pedidos Descargas Direcciones Detalles de la cuenta Cerrar sesi\u00f3n Hola se000115 (\u00bfno eres se000115? Cerrar sesi\u00f3n) Desde el escritorio de tu cuenta puedes ver tus pedidos recientes, gestionar tus direcciones de env\u00edo y facturaci\u00f3n y editar tu contrase\u00f1a y los detalles de tu cuenta.<\/p>\n","protected":false},"author":1,"featured_media":0,"parent":0,"menu_order":0,"comment_status":"closed","ping_status":"closed","template":"elementor_header_footer","meta":{"footnotes":""},"class_list":["post-9","page","type-page","status-publish","hentry"],"aioseo_notices":[],"_links":{"self":[{"href":"https:\/\/edicionesdelpais.com\/editorial\/wp-json\/wp\/v2\/pages\/9","targetHints":{"allow":["GET"]}}],"collection":[{"href":"https:\/\/edicionesdelpais.com\/editorial\/wp-json\/wp\/v2\/pages"}],"about":[{"href":"https:\/\/edicionesdelpais.com\/editorial\/wp-json\/wp\/v2\/types\/page"}],"author":[{"embeddable":true,"href":"https:\/\/edicionesdelpais.com\/editorial\/wp-json\/wp\/v2\/users\/1"}],"replies":[{"embeddable":true,"href":"https:\/\/edicionesdelpais.com\/editorial\/wp-json\/wp\/v2\/comments?post=9"}],"version-history":[{"count":36,"href":"https:\/\/edicionesdelpais.com\/editorial\/wp-json\/wp\/v2\/pages\/9\/revisions"}],"predecessor-version":[{"id":1625,"href":"https:\/\/edicionesdelpais.com\/editorial\/wp-json\/wp\/v2\/pages\/9\/revisions\/1625"}],"wp:attachment":[{"href":"https:\/\/edicionesdelpais.com\/editorial\/wp-json\/wp\/v2\/media?parent=9"}],"curies":[{"name":"wp","href":"https:\/\/api.w.org\/{rel}","templated":true}]}}